{"id":118,"date":"2026-02-18T15:12:32","date_gmt":"2026-02-18T15:12:32","guid":{"rendered":"https:\/\/wp.conform-it.fr\/?page_id=118"},"modified":"2026-02-18T15:12:32","modified_gmt":"2026-02-18T15:12:32","slug":"test-rgaa-chapitre-04-multimedia-nc","status":"publish","type":"page","link":"https:\/\/wp.conform-it.fr\/index.php\/test-rgaa-chapitre-04-multimedia-nc\/","title":{"rendered":"Test RGAA \u2013 Chapitre 04 &#8211; Multimedia &#8211; NC"},"content":{"rendered":"\n<p>1 \u2014 Vid\u00e9o sans sous-titres<\/p>\n\n\n\n<h2>Pr\u00e9sentation produit<\/h2>\n<video controls width=\"600\">\n  <source src=\"video-promo.mp4\" type=\"video\/mp4\">\n  Votre navigateur ne supporte pas la vid\u00e9o.\n<\/video>\n\n\n\n<p>2 \u2014 Vid\u00e9o avec sous-titres auto activ\u00e9s absents<\/p>\n\n\n\n<h2>Tutoriel d&rsquo;utilisation<\/h2>\n<video controls width=\"600\">\n  <source src=\"tutoriel.mp4\" type=\"video\/mp4\">\n<\/video>\n<p>Des sous-titres sont disponibles.<\/p>\n\n\n\n<p>3 \u2014 Audio sans transcription<\/p>\n\n\n\n<h2>Interview du directeur<\/h2>\n<audio controls>\n  <source src=\"interview.mp3\" type=\"audio\/mpeg\">\n<\/audio>\n\n\n\n<p>4 \u2014 Vid\u00e9o informative sans audiodescription<\/p>\n\n\n\n<h2>Visite virtuelle des locaux<\/h2>\n<video controls width=\"600\">\n  <source src=\"visite-locaux.mp4\" type=\"video\/mp4\">\n<\/video>\n\n\n\n<p>5 \u2014 Lecteur embarqu\u00e9 inaccessible (iframe)<\/p>\n\n\n\n<h2>Conf\u00e9rence accessibilit\u00e9<\/h2>\n<iframe loading=\"lazy\" \n  src=\"https:\/\/www.youtube.com\/embed\/ABC123\"\n  width=\"560\" \n  height=\"315\">\n<\/iframe>\n","protected":false},"excerpt":{"rendered":"<p>1 \u2014 Vid\u00e9o sans sous-titres Pr\u00e9sentation produit Votre navigateur ne supporte pas la vid\u00e9o. 2 \u2014 Vid\u00e9o avec sous-titres auto activ\u00e9s absents Tutoriel d&rsquo;utilisation Des sous-titres sont disponibles. 3 \u2014 Audio sans transcription Interview du directeur 4 \u2014 Vid\u00e9o informative sans audiodescription Visite virtuelle des locaux 5 \u2014 Lecteur embarqu\u00e9 inaccessible (iframe) Conf\u00e9rence accessibilit\u00e9<\/p>\n","protected":false},"author":1,"featured_media":0,"parent":0,"menu_order":0,"comment_status":"closed","ping_status":"closed","template":"","meta":{"footnotes":""},"class_list":["post-118","page","type-page","status-publish","hentry"],"_links":{"self":[{"href":"https:\/\/wp.conform-it.fr\/index.php\/wp-json\/wp\/v2\/pages\/118","targetHints":{"allow":["GET"]}}],"collection":[{"href":"https:\/\/wp.conform-it.fr\/index.php\/wp-json\/wp\/v2\/pages"}],"about":[{"href":"https:\/\/wp.conform-it.fr\/index.php\/wp-json\/wp\/v2\/types\/page"}],"author":[{"embeddable":true,"href":"https:\/\/wp.conform-it.fr\/index.php\/wp-json\/wp\/v2\/users\/1"}],"replies":[{"embeddable":true,"href":"https:\/\/wp.conform-it.fr\/index.php\/wp-json\/wp\/v2\/comments?post=118"}],"version-history":[{"count":1,"href":"https:\/\/wp.conform-it.fr\/index.php\/wp-json\/wp\/v2\/pages\/118\/revisions"}],"predecessor-version":[{"id":119,"href":"https:\/\/wp.conform-it.fr\/index.php\/wp-json\/wp\/v2\/pages\/118\/revisions\/119"}],"wp:attachment":[{"href":"https:\/\/wp.conform-it.fr\/index.php\/wp-json\/wp\/v2\/media?parent=118"}],"curies":[{"name":"wp","href":"https:\/\/api.w.org\/{rel}","templated":true}]}}