{"id":157,"date":"2026-02-18T16:24:15","date_gmt":"2026-02-18T16:24:15","guid":{"rendered":"https:\/\/wp.conform-it.fr\/?page_id=157"},"modified":"2026-02-18T16:24:15","modified_gmt":"2026-02-18T16:24:15","slug":"test-rgaa-chapitre-11-formulaires-pass","status":"publish","type":"page","link":"https:\/\/wp.conform-it.fr\/index.php\/test-rgaa-chapitre-11-formulaires-pass\/","title":{"rendered":"Test RGAA \u2013 Chapitre 11 : Formulaires &#8211; PASS"},"content":{"rendered":"\n<p>1 \u2014 Champ avec label correctement associ\u00e9<\/p>\n\n\n\n<form>\n  <div>\n    <label for=\"nom\">Nom<\/label>\n    <input type=\"text\" id=\"nom\" name=\"nom\">\n  <\/div>\n\n  <div>\n    <label for=\"email\">Adresse e-mail<\/label>\n    <input type=\"email\" id=\"email\" name=\"email\">\n  <\/div>\n\n  <button type=\"submit\">Envoyer<\/button>\n<\/form>\n\n\n\n<p>2 \u2014 Champ obligatoire correctement annonc\u00e9<\/p>\n\n\n\n<form>\n  <div>\n    <label for=\"prenom\">\n      Pr\u00e9nom <span aria-hidden=\"true\">*<\/span>\n    <\/label>\n    <input type=\"text\" id=\"prenom\" name=\"prenom\" required aria-required=\"true\">\n  <\/div>\n\n  <p id=\"info-obligatoire\">\n    Les champs marqu\u00e9s d\u2019un * sont obligatoires.\n  <\/p>\n\n  <button type=\"submit\">Valider<\/button>\n<\/form>\n\n\n\n<p>3 \u2014 Groupe de champs avec <code>fieldset<\/code> et <code>legend<\/code><\/p>\n\n\n\n<form>\n  <fieldset>\n    <legend>Choisissez votre moyen de contact pr\u00e9f\u00e9r\u00e9<\/legend>\n\n    <div>\n      <input type=\"radio\" id=\"contact-email\" name=\"contact\" value=\"email\">\n      <label for=\"contact-email\">Email<\/label>\n    <\/div>\n\n    <div>\n      <input type=\"radio\" id=\"contact-telephone\" name=\"contact\" value=\"telephone\">\n      <label for=\"contact-telephone\">T\u00e9l\u00e9phone<\/label>\n    <\/div>\n  <\/fieldset>\n\n  <button type=\"submit\">Continuer<\/button>\n<\/form>\n\n\n\n<p>4 \u2014 Aide \u00e0 la saisie li\u00e9e au champ<\/p>\n\n\n\n<form>\n  <div>\n    <label for=\"mdp\">Mot de passe<\/label>\n    <input \n      type=\"password\" \n      id=\"mdp\" \n      name=\"mdp\"\n      aria-describedby=\"mdp-aide\"\n    >\n    <p id=\"mdp-aide\">\n      Le mot de passe doit contenir au moins 8 caract\u00e8res, une majuscule et un chiffre.\n    <\/p>\n  <\/div>\n\n  <button type=\"submit\">Cr\u00e9er mon compte<\/button>\n<\/form>\n\n\n\n<p>5 \u2014 Gestion accessible des erreurs<\/p>\n\n\n\n<form novalidate>\n  <div>\n    <label for=\"email-inscription\">Adresse e-mail<\/label>\n    <input \n      type=\"email\" \n      id=\"email-inscription\" \n      name=\"email\"\n      aria-describedby=\"email-erreur\"\n      aria-invalid=\"true\"\n    >\n    <p id=\"email-erreur\" role=\"alert\">\n      L\u2019adresse e-mail saisie n\u2019est pas valide.\n    <\/p>\n  <\/div>\n\n  <button type=\"submit\">S\u2019inscrire<\/button>\n<\/form>\n","protected":false},"excerpt":{"rendered":"<p>1 \u2014 Champ avec label correctement associ\u00e9 Nom Adresse e-mail Envoyer 2 \u2014 Champ obligatoire correctement annonc\u00e9 Pr\u00e9nom * Les champs marqu\u00e9s d\u2019un * sont obligatoires. Valider 3 \u2014 Groupe de champs avec fieldset et legend Choisissez votre moyen de contact pr\u00e9f\u00e9r\u00e9 Email T\u00e9l\u00e9phone Continuer 4 \u2014 Aide \u00e0 la saisie li\u00e9e au champ Mot [&hellip;]<\/p>\n","protected":false},"author":1,"featured_media":0,"parent":0,"menu_order":0,"comment_status":"closed","ping_status":"closed","template":"","meta":{"footnotes":""},"class_list":["post-157","page","type-page","status-publish","hentry"],"_links":{"self":[{"href":"https:\/\/wp.conform-it.fr\/index.php\/wp-json\/wp\/v2\/pages\/157","targetHints":{"allow":["GET"]}}],"collection":[{"href":"https:\/\/wp.conform-it.fr\/index.php\/wp-json\/wp\/v2\/pages"}],"about":[{"href":"https:\/\/wp.conform-it.fr\/index.php\/wp-json\/wp\/v2\/types\/page"}],"author":[{"embeddable":true,"href":"https:\/\/wp.conform-it.fr\/index.php\/wp-json\/wp\/v2\/users\/1"}],"replies":[{"embeddable":true,"href":"https:\/\/wp.conform-it.fr\/index.php\/wp-json\/wp\/v2\/comments?post=157"}],"version-history":[{"count":1,"href":"https:\/\/wp.conform-it.fr\/index.php\/wp-json\/wp\/v2\/pages\/157\/revisions"}],"predecessor-version":[{"id":158,"href":"https:\/\/wp.conform-it.fr\/index.php\/wp-json\/wp\/v2\/pages\/157\/revisions\/158"}],"wp:attachment":[{"href":"https:\/\/wp.conform-it.fr\/index.php\/wp-json\/wp\/v2\/media?parent=157"}],"curies":[{"name":"wp","href":"https:\/\/api.w.org\/{rel}","templated":true}]}}