{"id":77,"date":"2026-02-17T14:51:02","date_gmt":"2026-02-17T14:51:02","guid":{"rendered":"https:\/\/wp.conform-it.fr\/?page_id=77"},"modified":"2026-02-20T11:03:32","modified_gmt":"2026-02-20T11:03:32","slug":"accueil","status":"publish","type":"page","link":"https:\/\/wp.conform-it.fr\/","title":{"rendered":"Accueil"},"content":{"rendered":"\n<h2 class=\"wp-block-heading\"><\/h2>\n\n\n\n<figure class=\"wp-block-table\"><table class=\"has-fixed-layout\"><caption>Liste des pages de tests<\/caption><thead><tr><th scope=\"col\"><strong>Chapitre<\/strong><\/th><th scope=\"col\" class=\"has-text-align-center\" data-align=\"center\"><strong>Conforme<\/strong><\/th><th scope=\"col\" class=\"has-text-align-center\" data-align=\"center\"><strong>Non conforme<\/strong><\/th><\/tr><\/thead><tbody><tr><th scope=\"row\">01 : Images<\/th><td class=\"has-text-align-center\" data-align=\"center\"><a href=\"https:\/\/wp.conform-it.fr\/index.php\/test-rgaa-chapitre-01-images-pass\/\" data-type=\"page\" data-id=\"81\">Lien<\/a><\/td><td class=\"has-text-align-center\" data-align=\"center\"><a href=\"https:\/\/wp.conform-it.fr\/index.php\/test-rgaa-chapitre-01-images-nc\/\" data-type=\"page\" data-id=\"100\">Lien<\/a><\/td><\/tr><tr><th scope=\"row\">02 : Cadres<\/td><td class=\"has-text-align-center\" data-align=\"center\"><a href=\"https:\/\/wp.conform-it.fr\/index.php\/test-rgaa-chapitre-02-cadres-pass\/\" data-type=\"page\" data-id=\"85\">Lien<\/a><\/td><td class=\"has-text-align-center\" data-align=\"center\"><a href=\"https:\/\/wp.conform-it.fr\/index.php\/test-rgaa-chapitre-02-cadres-nc\/\" data-type=\"page\" data-id=\"108\">Lien<\/a><\/td><\/tr><tr><th scope=\"row\">03 : Couleurs<\/td><td class=\"has-text-align-center\" data-align=\"center\"><a href=\"https:\/\/wp.conform-it.fr\/index.php\/test-rgaa-chapitre-03-couleurs-pass\/\" data-type=\"page\" data-id=\"87\">Lien<\/a><\/td><td class=\"has-text-align-center\" data-align=\"center\"><a href=\"https:\/\/wp.conform-it.fr\/index.php\/test-rgaa-chapitre-03-couleurs-nc\/\" data-type=\"page\" data-id=\"114\">Lien<\/a><\/td><\/tr><tr><th scope=\"row\">04 : Multim\u00e9dia<\/td><td class=\"has-text-align-center\" data-align=\"center\"><a href=\"https:\/\/wp.conform-it.fr\/index.php\/test-rgaa-chapitre-04-multimedia-pass\/\" data-type=\"page\" data-id=\"97\">Lien<\/a><\/td><td class=\"has-text-align-center\" data-align=\"center\"><a href=\"https:\/\/wp.conform-it.fr\/index.php\/test-rgaa-chapitre-04-multimedia-nc\/\" data-type=\"page\" data-id=\"118\">Lien<\/a><\/td><\/tr><tr><th scope=\"row\">05 : Tableaux<\/td><td class=\"has-text-align-center\" data-align=\"center\"><a href=\"https:\/\/wp.conform-it.fr\/index.php\/test-rgaa-chapitre-05-tableaux-pass\/\" data-type=\"page\" data-id=\"92\">Lien<\/a><\/td><td class=\"has-text-align-center\" data-align=\"center\"><a href=\"https:\/\/wp.conform-it.fr\/index.php\/test-rgaa-chapitre-05-tableaux-nc\/\" data-type=\"page\" data-id=\"121\">Lien<\/a><\/td><\/tr><tr><th scope=\"row\">06 : Liens<\/td><td class=\"has-text-align-center\" data-align=\"center\"><a href=\"https:\/\/wp.conform-it.fr\/index.php\/test-rgaa-chapitre-06-liens-pass\/\" data-type=\"page\" data-id=\"127\">Lien<\/a><\/td><td class=\"has-text-align-center\" data-align=\"center\"><a href=\"https:\/\/wp.conform-it.fr\/index.php\/test-rgaa-chapitre-06-liens-nc\/\" data-type=\"page\" data-id=\"131\">Lien<\/a><\/td><\/tr><tr><th scope=\"row\">07 : Scripts<\/td><td class=\"has-text-align-center\" data-align=\"center\"><a href=\"https:\/\/wp.conform-it.fr\/index.php\/test-rgaa-chapitre-07-scripts-pass\/\" data-type=\"page\" data-id=\"136\">Lien<\/a><\/td><td class=\"has-text-align-center\" data-align=\"center\"><a href=\"https:\/\/wp.conform-it.fr\/index.php\/test-rgaa-chapitre-07-scripts-nc\/\" data-type=\"page\" data-id=\"134\">Lien<\/a><\/td><\/tr><tr><th scope=\"row\">08 : \u00c9l\u00e9ments obligatoires<\/td><td class=\"has-text-align-center\" data-align=\"center\"><a href=\"https:\/\/wp.conform-it.fr\/index.php\/test-rgaa-chapitre-08-elements-obligatoires-pass\/\" data-type=\"page\" data-id=\"139\">Lien<\/a><\/td><td class=\"has-text-align-center\" data-align=\"center\"><a href=\"https:\/\/wp.conform-it.fr\/index.php\/test-rgaa-chapitre-08-elements-obligatoires-nc\/\" data-type=\"page\" data-id=\"143\">Lien<\/a><\/td><\/tr><tr><th scope=\"row\">09 : Structuration de l&rsquo;information<\/td><td class=\"has-text-align-center\" data-align=\"center\"><a href=\"https:\/\/wp.conform-it.fr\/index.php\/test-rgaa-chapitre-02-cadres-pass\/\" data-type=\"page\" data-id=\"85\">Lien<\/a><\/td><td class=\"has-text-align-center\" data-align=\"center\"><a href=\"https:\/\/wp.conform-it.fr\/index.php\/test-rgaa-chapitre-09-structuration-de-linformation-nc\/\" data-type=\"page\" data-id=\"151\">Lien<\/a><\/td><\/tr><tr><th scope=\"row\">10 : Pr\u00e9sentation de l&rsquo;information<\/td><td class=\"has-text-align-center\" data-align=\"center\"><a href=\"https:\/\/wp.conform-it.fr\/index.php\/test-rgaa-chapitre-10-presentation-de-linformation-pass\/\" data-type=\"page\" data-id=\"155\">Lien<\/a><\/td><td class=\"has-text-align-center\" data-align=\"center\"><a href=\"https:\/\/wp.conform-it.fr\/index.php\/test-rgaa-chapitre-10-presentation-de-linformation-nc\/\" data-type=\"page\" data-id=\"153\">Lien<\/a><\/td><\/tr><tr><th scope=\"row\">11 : Formulaires<\/td><td class=\"has-text-align-center\" data-align=\"center\"><a href=\"https:\/\/wp.conform-it.fr\/index.php\/test-rgaa-chapitre-11-formulaires-pass\/\" data-type=\"page\" data-id=\"157\">Lien<\/a><\/td><td class=\"has-text-align-center\" data-align=\"center\"><a href=\"https:\/\/wp.conform-it.fr\/index.php\/test-rgaa-chapitre-11-formulaires-nc\/\" data-type=\"page\" data-id=\"159\">Lien<\/a><\/td><\/tr><tr><th scope=\"row\">12 : Navigation<\/td><td class=\"has-text-align-center\" data-align=\"center\"><a href=\"https:\/\/wp.conform-it.fr\/index.php\/test-rgaa-chapitre-12-navigation-pass\/\" data-type=\"page\" data-id=\"165\">Lien<\/a><\/td><td class=\"has-text-align-center\" data-align=\"center\"><a href=\"https:\/\/wp.conform-it.fr\/index.php\/test-rgaa-chapitre-12-navigation-nc\/\" data-type=\"page\" data-id=\"161\">Lien<\/a><\/td><\/tr><tr><th scope=\"row\">13 : Consultation<\/td><td class=\"has-text-align-center\" data-align=\"center\"><a href=\"https:\/\/wp.conform-it.fr\/index.php\/test-rgaa-chapitre-13-consultation-pass\/\" data-type=\"page\" data-id=\"167\">Lien<\/a><\/td><td class=\"has-text-align-center\" data-align=\"center\"><a href=\"https:\/\/wp.conform-it.fr\/index.php\/test-rgaa-chapitre-13-consultation-nc\/\" data-type=\"page\" data-id=\"169\">Lien<\/a><\/td><\/tr><\/tbody><\/table><\/figure>\n\n\n\n<p><\/p>\n\n\n\n<p><\/p>\n\n\n\n<p><\/p>\n","protected":false},"excerpt":{"rendered":"<p>Liste des pages de tests Chapitre Conforme Non conforme 01 : Images Lien Lien 02 : Cadres Lien Lien 03 : Couleurs Lien Lien 04 : Multim\u00e9dia Lien Lien 05 : Tableaux Lien Lien 06 : Liens Lien Lien 07 : Scripts Lien Lien 08 : \u00c9l\u00e9ments obligatoires Lien Lien 09 : Structuration de l&rsquo;information [&hellip;]<\/p>\n","protected":false},"author":1,"featured_media":0,"parent":0,"menu_order":0,"comment_status":"closed","ping_status":"closed","template":"","meta":{"footnotes":""},"class_list":["post-77","page","type-page","status-publish","hentry"],"_links":{"self":[{"href":"https:\/\/wp.conform-it.fr\/index.php\/wp-json\/wp\/v2\/pages\/77","targetHints":{"allow":["GET"]}}],"collection":[{"href":"https:\/\/wp.conform-it.fr\/index.php\/wp-json\/wp\/v2\/pages"}],"about":[{"href":"https:\/\/wp.conform-it.fr\/index.php\/wp-json\/wp\/v2\/types\/page"}],"author":[{"embeddable":true,"href":"https:\/\/wp.conform-it.fr\/index.php\/wp-json\/wp\/v2\/users\/1"}],"replies":[{"embeddable":true,"href":"https:\/\/wp.conform-it.fr\/index.php\/wp-json\/wp\/v2\/comments?post=77"}],"version-history":[{"count":12,"href":"https:\/\/wp.conform-it.fr\/index.php\/wp-json\/wp\/v2\/pages\/77\/revisions"}],"predecessor-version":[{"id":185,"href":"https:\/\/wp.conform-it.fr\/index.php\/wp-json\/wp\/v2\/pages\/77\/revisions\/185"}],"wp:attachment":[{"href":"https:\/\/wp.conform-it.fr\/index.php\/wp-json\/wp\/v2\/media?parent=77"}],"curies":[{"name":"wp","href":"https:\/\/api.w.org\/{rel}","templated":true}]}}